mmon divisor of 5275 and 85886495.
1055
Calculate the greatest common factor of 1708725 and 1650.
75
What is the highest common factor of 8216 and 54885961?
1027
Calculate the greatest common divisor of 534 and 14902160.
178
What is the highest common divisor of 6383879 and 4279?
389
What is the highest common divisor of 37305331 and 49?
7
Calculate the highest common factor of 3895241 and 602.
301
Calculate the greatest common divisor of 8338896 and 1548.
36
What is the highest common factor of 58971 and 9801?
33
What is the highest common divisor of 2350 and 304450?
50
What is the greatest common factor of 52310853 and 476?
119
What is the highest common divisor of 4251011 and 581?
83
What is the highest common factor of 26 and 641686838?
26
What is the greatest common divisor of 30682 and 118519?
23
What is the greatest common factor of 10484227 and 603?
67
Calculate the highest common divisor of 560 and 5947438.
14
What is the highest common divisor of 5115 and 3663735?
465
What is the greatest common factor of 7511 and 60605186?
1073
What is the highest common divisor of 3442923 and 83083?
913
Calculate the greatest common factor of 294860992 and 2368.
2368
What is the highest common factor of 136 and 188824?
8
Calculate the highest common divisor of 51369610 and 362.
362
What is the greatest common divisor of 7916 and 9?
1
What is the greatest common divisor of 1127939685 and 4470?
2235
Calculate the greatest common factor of 1351265 and 816785.
655
Calculate the highest common factor of 23 and 1756544431.
23
What is the greatest common divisor of 2236329 and 99?
9
What is the greatest common divisor of 95962052 and 92?
4
Calculate the highest common divisor of 397708 and 2375.
19
What is the highest common divisor of 9022 and 18687338?
694
What is the greatest common factor of 35008 and 34976?
32
Calculate the highest common divisor of 543257 and 742313.
4147
Calculate the greatest common factor of 23 and 73051059.
23
Calculate the greatest common factor of 161 and 8855713.
23
What is the greatest common divisor of 5 and 594229485?
5
What is the highest common factor of 54 and 23184846?
54
Calculate the greatest common factor of 10165092 and 546.
42
What is the highest common factor of 3728445 and 945?
105
Calculate the greatest common divisor of 2376 and 246664.
88
Calculate the highest common divisor of 146982120 and 45.
15
What is the highest common factor of 21947348 and 4?
4
Calculate the greatest common divisor of 46 and 32087530.
46
Calculate the greatest common factor of 1791 and 159483177.
1791
What is the greatest common factor of 51570 and 246?
6
What is the highest common divisor of 5194658 and 16856?
602
Calculate the highest common factor of 1830281 and 861.
41
What is the greatest common divisor of 10815 and 3191970?
1545
Calculate the highest common factor of 15876816 and 144.
48
Calculate the greatest common divisor of 26499161 and 415.
83
Calculate the greatest common divisor of 27797 and 12167505.
2527
What is the greatest common divisor of 11958370 and 40?
10
What is the highest common divisor of 160623 and 31833?
243
What is the highest common factor of 24034 and 11285?
61
What is the greatest common divisor of 901446 and 26533?
169
Calculate the greatest common factor of 43027 and 19805.
17
What is the greatest common factor of 261 and 5326459?
29
What is the highest common factor of 318 and 24573291?
159
What is the highest common factor of 92 and 1695514874?
46
Calculate the greatest common divisor of 957 and 901857.
33
Calculate the highest common factor of 386209 and 13.
1
Calculate the highest common divisor of 285577 and 183913.
353
What is the highest common factor of 647 and 25832769?
647
What is the highest common divisor of 1216 and 2702294?
38
Calculate the highest common factor of 2750094 and 234.
18
Calculate the highest common divisor of 1023659 and 3969.
49
What is the highest common factor of 2403 and 24864375?
267
What is the highest common factor of 400368 and 30894?
114
Calculate the greatest common divisor of 216 and 770491548.
108
Calculate the greatest common divisor of 1515355 and 1265.
115
What is the highest common divisor of 24712 and 2671985?
3089
What is the greatest common factor of 39973010 and 770?
770
Calculate the greatest common factor of 340 and 210103.
17
Calculate the greatest common divisor of 300 and 3004476.
12
Calculate the greatest common divisor of 16456 and 245254240.
1496
Calculate the highest common factor of 3834120 and 90246.
534
What is the greatest common factor of 6004090 and 3440?
430
What is the greatest common divisor of 42287024 and 442?
442
Calculate the highest common factor of 108872783 and 229.
229
Calculate the greatest common divisor of 6232448 and 871424.
2944
Calculate the greatest common factor of 186 and 16956318.
186
What is the highest common divisor of 535631 and 66181?
229
Calculate the highest common factor of 5832104 and 27899.
1213
Calculate the highest common factor of 17 and 46173037.
17
Calculate the highest common divisor of 7100 and 105725.
25
Calculate the highest common factor of 261589 and 3239797.
383
What is the highest common divisor of 274711946 and 1614?
538
What is the highest common factor of 8 and 97500056?
8
What is the greatest common divisor of 700653765 and 280?
35
Calculate the highest common factor of 4636918 and 4004.
286
Calculate the highest common divisor of 58881 and 21774.
57
Calculate the greatest common divisor of 30009318 and 2462.
2462
What is the highest common divisor of 416 and 610397164?
52
What is the highest common divisor of 923 and 686998?
13
What is the greatest common factor of 46 and 12598043?
23
What is the highest common factor of 1401473 and 14?
1
What is the greatest common divisor of 35724 and 139919?
2977
What is the highest common divisor of 90131 and 556612?
193
Calculate the greatest common factor of 240 and 34445088.
48
What is the greatest common divisor of 17 and 1254053?
1
What is the greatest common factor of 3532 and 36861718?
1766
What is the highest common factor of 134410228 and 8?
4
Calculate the greatest common divisor of 49303422 and 1179.
1179
What is the greatest common divisor of 684 and 2934018?
342
What is the greatest common divisor of 828102 and 132?
66
What is the highest common factor of 3023772 and 75516?
348
What is the highest common factor of 253700343 and 14676?
3669
Calculate the highest common divisor of 25583030 and 484.
242
What is the highest common factor of 2736 and 16119828?
684
What is the greatest common divisor of 11629 and 12341176?
401
What is the greatest common factor of 72 and 30399396?
12
Calculate the highest common divisor of 4928 and 167818.
14
Calculate the highest common divisor of 201865871 and 391.
391
What is the greatest common factor of 45 and 5005905?
15
What is the greatest common divisor of 10500 and 1355550?
1050
What is the greatest common divisor of 9 and 9904713?
3
What is the greatest common factor of 152781874 and 10794?
3598
What is the highest common divisor of 330648 and 296952?
24
Calculate the highest common divisor of 4836816 and 180.
36
Calculate the greatest common factor of 392 and 17025400.
56
Calculate the highest common factor of 847378 and 6846.
14
What is the greatest common divisor of 1220 and 5965?
5
What is the greatest common factor of 86194480 and 5360?
80
What is the greatest common divisor of 2097 and 97926638?
233
What is the highest common divisor of 10 and 43722730?
10
What is the greatest common divisor of 1149 and 938359575?
1149
Calculate the highest common factor of 5151308 and 14906.
514
What is the highest common factor of 844149 and 10332?
123
Calculate the greatest common factor of 72283 and 18733064.
1681
Calculate the highest common factor of 105670 and 620.
10
Calculate the greatest common divisor of 192823 and 9594.
41
Calculate the highest common divisor of 828 and 19906956.
36
What is the greatest common factor of 6375 and 577925?
25
Calculate the greatest common factor of 1557 and 37174067.
173
Calculate the highest common divisor of 1712 and 2939176.
8
Calculate the highest common factor of 11 and 51551.
1
What is the greatest common divisor of 653595184 and 1474?
1474
What is the highest